 divide 121086070?
False
Is 23 a factor of 1291260852?
False
Is 58252305 a multiple of 39?
False
Is 37497263 a multiple of 33?
False
Does 1032 divide 41895313?
False
Is 13772775 a multiple of 75?
True
Is 454225970 a multiple of 209?
True
Does 16 divide 29485227?
False
Does 4337 divide 240845496?
False
Is 693 a factor of 3309075?
True
Does 7 divide 322455000?
True
Is 226124476 a multiple of 3?
False
Is 14 a factor of 8949349281?
False
Is 13 a factor of 7038616?
True
Does 97 divide 1093935348?
True
Is 234 a factor of 455044122?
True
Is 2 a factor of 4145947?
False
Is 505560264 a multiple of 44?
True
Does 16 divide 547929317?
False
Is 1558 a factor of 124957990?
False
Does 3 divide 25966401?
True
Is 664531667 a multiple of 101?
False
Is 58119008 a multiple of 2056?
True
Does 2177 divide 71014484?
False
Does 307 divide 249416317?
True
Is 1567341062 a multiple of 19?
False
Is 4222 a factor of 6702842978?
True
Is 84485213 even?
False
Is 1202 a factor of 1918937708?
True
Is 6559840 a multiple of 20?
True
Is 53 a factor of 277483249?
True
Does 4381 divide 938566830?
False
Does 35 divide 761542390?
True
Does 488 divide 4434744?
False
Is 17 a factor of 104851893?
False
Does 1012 divide 540572956?
True
Is 107828488 a multiple of 2594?
False
Is 17 a factor of 6710546?
True
Is 23 a factor of 81879192?
False
Is 5527331 a multiple of 96?
False
Is 649 a factor of 24438762?
False
Does 2128 divide 310792272?
True
Is 24497310 a multiple of 15?
True
Is 849 a factor of 15999213?
False
Is 13 a factor of 349879319?
False
Is 980522944 a multiple of 18?
False
Is 653 a factor of 17405191?
False
Is 31179528 a multiple of 9?
True
Is 53 a factor of 497128258?
False
Does 28 divide 32697560?
True
Is 367 a factor of 9592279?
True
Is 151138290 a multiple of 690?
True
Is 644559136 a multiple of 177?
False
Does 1999 divide 8145925?
True
Is 15314188 a multiple of 207?
False
Is 37138729 a multiple of 13?
False
Does 1731 divide 170593925?
False
Is 29 a factor of 119943797?
True
Is 495 a factor of 63349320?
False
Is 11 a factor of 66710567?
True
Does 1073 divide 1336699?
False
Does 914 divide 80967723?
False
Is 53273223 a multiple of 17?
True
Is 5525120857 a multiple of 30?
False
Is 16 a factor of 1092066400?
True
Does 12 divide 195958212?
True
Is 212882450 a multiple of 1325?
True
Is 1084661296 a multiple of 16?
True
Does 3033 divide 14020774?
False
Is 1304 a factor of 256147267?
False
Is 434725006 even?
True
Does 9 divide 494182335?
False
Does 73 divide 6876039?
False
Does 123 divide 1347465?
True
Is 1420 a factor of 272299200?
True
Is 586961266 a multiple of 43?
True
Is 31 a factor of 19219691?
False
Does 3 divide 756095?
False
Is 7 a factor of 69097546?
True
Is 133 a factor of 83847057?
True
Is 77 a factor of 1065182142?
False
Is 40038140 a multiple of 199?
False
Does 3300 divide 56580571?
False
Is 346 a factor of 14810705?
False
Is 33386075 a multiple of 25?
True
Is 520447677 a multiple of 19?
True
Does 2984 divide 398731032?
True
Does 58 divide 120013741?
False
Does 12 divide 3169666417?
False
Is 131912137 a multiple of 10?
False
Does 33 divide 7056435?
False
Is 861048358 a multiple of 332?
False
Is 5258101 a multiple of 560?
False
Is 1401376 a multiple of 83?
False
Does 76 divide 1172984?
True
Is 16 a factor of 73898196?
False
Is 129 a factor of 500115714?
True
Is 236981280 a multiple of 16?
True
Is 755 a factor of 33699893?
False
Is 18 a factor of 14898330?
True
Is 10 a factor of 260233315?
False
Is 1457 a factor of 16385061?
False
Does 66 divide 64993938?
False
Does 508 divide 334287807?
False
Is 124 a factor of 17204132?
True
Is 25 a factor of 88776149?
False
Is 329 a factor of 125429031?
False
Is 4924 a factor of 653606836?
True
Is 48147795 a multiple of 9?
True
Is 22711968 a multiple of 2168?
True
Does 435 divide 44195902?
False
Is 59 a factor of 7228090?
True
Does 372 divide 19118281?
False
Does 1079 divide 68764135?
False
Is 2233 a factor of 3912809978?
True
Is 39 a factor of 104189684?
False
Is 16 a factor of 451978382?
False
Does 20 divide 1075400?
True
Does 5967 divide 3980681?
False
Is 952215 a multiple of 145?
True
Is 3 a factor of 202950207?
True
Is 4185 a factor of 232842920?
False
Is 550888983 a multiple of 7612?
False
Is 7024765 a multiple of 1895?
True
Is 20 a factor of 14645860?
True
Is 25 a factor of 48495650?
True
Is 3197425 a multiple of 121?
True
Is 42 a factor of 7461365?
False
Is 110139602 a multiple of 5254?
True
Does 83 divide 136293579?
False
Is 15 a factor of 14268390?
True
Is 30429896 a multiple of 484?
False
Is 74808505 a multiple of 3415?
False
Is 11873092 a multiple of 14?
True
Is 33 a factor of 276742802?
False
Is 9 a factor of 628974?
True
Is 41675730 a multiple of 30?
True
Does 2 divide 8117015?
False
Is 13260149 a multiple of 9?
False
Is 471 a factor of 274241634?
True
Does 936 divide 999498240?
True
Is 104403005 a multiple of 117?
False
Is 12807207 a multiple of 9?
True
Is 122725438 a multiple of 2393?
False
Does 252 divide 22375384?
False
Is 335 a factor of 19917090?
True
Does 21 divide 18674964?
True
Is 11 a factor of 25940370?
False
Does 12 divide 154583642?
False
Is 835790211 a multiple of 3634?
False
Does 46 divide 111929500?
True
Is 1716254371 a multiple of 13?
True
Does 846 divide 69639096?
False
Is 287 a factor of 1495288654?
False
Does 277 divide 59862121?
False
Is 245465712 a multiple of 584?
True
Does 17 divide 25498912?
True
Is 2799 a factor of 144984269?
False
Does 4 divide 20224491?
False
Does 10 divide 258524633?
False
Is 356 a factor of 526078450?
False
Is 1664364450 a multiple of 602?
True
Does 23 divide 143774333?
False
Is 15 a factor of 24366195?
True
Is 9824 a factor of 3067180512?
True
Does 69 divide 55457410?
False
Is 611 a factor of 38384634?
False
Is 1679084190 a multiple of 1630?
True
Is 2863 a factor of 1444435034?
True
Is 172932907 a multiple of 707?
True
Does 70 divide 55952067?
False
Is 185 a factor of 826286590?
True
Is 32536143 a multiple of 1263?
True
Is 36 a factor of 5932597050?
False
Is 8258328 a multiple of 204?
True
Does 297 divide 7334413?
False
Is 259741298 a multiple of 566?
False
Is 126 a factor of 102845675?
False
Does 70 divide 19209820?
True
Is 84 a factor of 2884209384?
True
Does 227 divide 49267925?
False
Is 19078992 a multiple of 188?
True
Is 98 a factor of 92121952?
False
Does 436 divide 906338937?
False
Does 22 divide 1143714?
True
Does 126 divide 60327036?
True
Is 4143474 a multiple of 30?
False
Is 1198 a factor of 13924611?
False
Does 1833 divide 632082555?
True
Does 7 divide 8057395?
False
Is 51 a factor of 974058417?
False
Does 201 divide 134280060?
True
Is 246 a factor of 13167642?
True
Is 20 a factor of 1495068585?
False
Does 289 divide 508235400?
True
Is 8 a factor of 55154247?
False
Is 1025603 a multiple of 7?
False
Is 20581438 a multiple of 29?
False
Is 79677801 a multiple of 981?
True
Does 70 divide 494884600?
True
Is 797 a factor of 16756208?
False
Does 3372 divide 14506344?
True
Does 2110 divide 24410590?
True
Does 1940 divide 41364419?
False
Does 48 divide 7266192?
True
Is 21 a factor of 180271676?
False
Does 101 divide 9739733?
True
Does 79 divide 163599203?
False
Does 1225 divide 50093925?
True
Is 12 a factor of 8800332?
True
Is 22 a factor of 917597676?
False
Is 1027 a factor of 145768814?
False
Is 1336143 a multiple of 5?
False
Does 463 divide 65283463?
True
Does 155 divide 34848650?
True
Is 95794024 a multiple of 281?
True
Does 18 divide 17707482?
True
Is 5 a factor of 1377155?
True
Does 4962 divide 357312112?
False
Is 121150728 a multiple of 1147?
True
Is 1455936341 a multiple of 32?
False
Does 30 divide 19032630?
True
Is 89367827 a multiple of 12?
False
Does 16 divide 9567978?
False
Is 285 a factor of 393161053?
False
Is 312416312 a multiple of 3183?
False
Is 5165 a factor of 2688527120?
True
Is 76 a factor of 6263220915?
False
Does 266 divide 256560132?
False
Is 174 a factor of 191863572?
False
Is 14952678 a multiple of 463?
False
Is 10749750 a multiple of 49?
False
Does 4873 divide 1670882?
False
Is 281 a factor of 530014051?
True
Is 24018725 a multiple of 11?
False
Does 193 divide 11648485?
False
Does 3314 divide 363798509?
False
Is 23322555 a multiple of 17?
True
Does 535 divide 310487785?
True
Is 45 a factor of 284390530?
False
Does 801 divide 9043750?
False
Is